[INFO] fetching crate peroxide 0.30.6...
[INFO] building peroxide-0.30.6 against master#ff34b919075f35a1787659e9c448a34b06bab8de for issue-85264
[INFO] extracting crate peroxide 0.30.6 into /workspace/builds/worker-4/source
[INFO] validating manifest of crates.io crate peroxide 0.30.6 on toolchain ff34b919075f35a1787659e9c448a34b06bab8de
[INFO] running `Command { std: "/workspace/cargo-home/bin/cargo" "+ff34b919075f35a1787659e9c448a34b06bab8de" "metadata" "--manifest-path" "Cargo.toml" "--no-deps", kill_on_drop: false }`
[INFO] started tweaking crates.io crate peroxide 0.30.6
[INFO] finished tweaking crates.io crate peroxide 0.30.6
[INFO] tweaked toml for crates.io crate peroxide 0.30.6 written to /workspace/builds/worker-4/source/Cargo.toml
[INFO] crate crates.io crate peroxide 0.30.6 already has a lockfile, it will not be regenerated
[INFO] running `Command { std: "/workspace/cargo-home/bin/cargo" "+ff34b919075f35a1787659e9c448a34b06bab8de" "fetch" "--manifest-path" "Cargo.toml", kill_on_drop: false }`
[INFO] [stderr]     Blocking waiting for file lock on package cache
[INFO] running `Command { std: "docker" "create" "-v" "/var/lib/crater-agent-workspace/builds/worker-4/target:/opt/rustwide/target:rw,Z" "-v" "/var/lib/crater-agent-workspace/builds/worker-4/source:/opt/rustwide/workdir:ro,Z" "-v" "/var/lib/crater-agent-workspace/cargo-home:/opt/rustwide/cargo-home:ro,Z" "-v" "/var/lib/crater-agent-workspace/rustup-home:/opt/rustwide/rustup-home:ro,Z" "-e" "SOURCE_DIR=/opt/rustwide/workdir" "-e" "CARGO_TARGET_DIR=/opt/rustwide/target" "-e" "CARGO_HOME=/opt/rustwide/cargo-home" "-e" "RUSTUP_HOME=/opt/rustwide/rustup-home" "-w" "/opt/rustwide/workdir" "-m" "1610612736" "--user" "0:0" "--network" "none" "ghcr.io/rust-lang/crates-build-env/linux@sha256:20528e8c29e4536546f0102ce88568b16ea7538393a33fcca951030f7af10457" "/opt/rustwide/cargo-home/bin/cargo" "+ff34b919075f35a1787659e9c448a34b06bab8de" "metadata" "--no-deps" "--format-version=1", kill_on_drop: false }`
[INFO] [stdout] e2a41c642c6ecb5d8f3f1027d66808ffb74dc82b2a164ad9863acb03c6e69cff
[INFO] [stderr] WARNING: Your kernel does not support swap limit capabilities or the cgroup is not mounted. Memory limited without swap.
[INFO] running `Command { std: "docker" "start" "-a" "e2a41c642c6ecb5d8f3f1027d66808ffb74dc82b2a164ad9863acb03c6e69cff", kill_on_drop: false }`
[INFO] running `Command { std: "docker" "inspect" "e2a41c642c6ecb5d8f3f1027d66808ffb74dc82b2a164ad9863acb03c6e69cff", kill_on_drop: false }`
[INFO] running `Command { std: "docker" "rm" "-f" "e2a41c642c6ecb5d8f3f1027d66808ffb74dc82b2a164ad9863acb03c6e69cff", kill_on_drop: false }`
[INFO] [stdout] e2a41c642c6ecb5d8f3f1027d66808ffb74dc82b2a164ad9863acb03c6e69cff
[INFO] running `Command { std: "docker" "create" "-v" "/var/lib/crater-agent-workspace/builds/worker-4/target:/opt/rustwide/target:rw,Z" "-v" "/var/lib/crater-agent-workspace/builds/worker-4/source:/opt/rustwide/workdir:ro,Z" "-v" "/var/lib/crater-agent-workspace/cargo-home:/opt/rustwide/cargo-home:ro,Z" "-v" "/var/lib/crater-agent-workspace/rustup-home:/opt/rustwide/rustup-home:ro,Z" "-e" "SOURCE_DIR=/opt/rustwide/workdir" "-e" "CARGO_TARGET_DIR=/opt/rustwide/target" "-e" "CARGO_INCREMENTAL=0" "-e" "RUST_BACKTRACE=full" "-e" "RUSTFLAGS=--cap-lints=forbid" "-e" "CARGO_HOME=/opt/rustwide/cargo-home" "-e" "RUSTUP_HOME=/opt/rustwide/rustup-home" "-w" "/opt/rustwide/workdir" "-m" "1610612736" "--user" "0:0" "--network" "none" "ghcr.io/rust-lang/crates-build-env/linux@sha256:20528e8c29e4536546f0102ce88568b16ea7538393a33fcca951030f7af10457" "/opt/rustwide/cargo-home/bin/cargo" "+ff34b919075f35a1787659e9c448a34b06bab8de" "build" "--frozen" "--message-format=json", kill_on_drop: false }`
[INFO] [stdout] f54ed79ac0313fcb4e942ebce25d2b1b9c8b4583be3e1f72ae9b7a99ad2b496e
[INFO] [stderr] WARNING: Your kernel does not support swap limit capabilities or the cgroup is not mounted. Memory limited without swap.
[INFO] running `Command { std: "docker" "start" "-a" "f54ed79ac0313fcb4e942ebce25d2b1b9c8b4583be3e1f72ae9b7a99ad2b496e", kill_on_drop: false }`
[INFO] [stderr]    Compiling autocfg v1.0.1
[INFO] [stderr]    Compiling cfg-if v1.0.0
[INFO] [stderr]    Compiling getrandom v0.2.2
[INFO] [stderr]    Compiling proc-macro2 v1.0.24
[INFO] [stderr]    Compiling unicode-xid v0.2.1
[INFO] [stderr]    Compiling ppv-lite86 v0.2.10
[INFO] [stderr]    Compiling syn v1.0.67
[INFO] [stderr]    Compiling once_cell v1.7.2
[INFO] [stderr]    Compiling peroxide v0.30.6 (/opt/rustwide/workdir)
[INFO] [stderr]    Compiling puruspe v0.1.5
[INFO] [stderr]    Compiling order-stat v0.1.3
[INFO] [stderr]    Compiling crossbeam-utils v0.8.3
[INFO] [stderr]    Compiling num-traits v0.2.14
[INFO] [stderr]    Compiling rand_core v0.6.2
[INFO] [stderr]    Compiling rand_chacha v0.3.0
[INFO] [stderr]    Compiling rand v0.8.3
[INFO] [stderr]    Compiling crossbeam-channel v0.5.0
[INFO] [stderr]    Compiling quote v1.0.9
[INFO] [stderr]    Compiling thread-tree v0.3.2
[INFO] [stderr]    Compiling rand_distr v0.4.0
[INFO] [stderr]    Compiling matrixmultiply v0.3.0
[INFO] [stderr]    Compiling peroxide-ad v0.3.0
[INFO] [stdout] warning: unused import: `crate::structure::dataframe`
[INFO] [stdout]    --> src/statistics/stat.rs:112:5
[INFO] [stdout]     |
[INFO] [stdout] 112 | use crate::structure::dataframe::*;
[INFO] [stdout]     |     ^^^^^^^^^^^^^^^^^^^^^^^^^^^
[INFO] [stdout]     |
[INFO] [stdout]     = note: `#[warn(unused_imports)]` on by default
[INFO] [stdout] 
[INFO] [stdout] 
[INFO] [stdout] warning: 1 warning emitted
[INFO] [stdout] 
[INFO] [stdout] 
[INFO] [stderr]     Finished dev [unoptimized + debuginfo] target(s) in 22.15s
[INFO] running `Command { std: "docker" "inspect" "f54ed79ac0313fcb4e942ebce25d2b1b9c8b4583be3e1f72ae9b7a99ad2b496e", kill_on_drop: false }`
[INFO] running `Command { std: "docker" "rm" "-f" "f54ed79ac0313fcb4e942ebce25d2b1b9c8b4583be3e1f72ae9b7a99ad2b496e", kill_on_drop: false }`
[INFO] [stdout] f54ed79ac0313fcb4e942ebce25d2b1b9c8b4583be3e1f72ae9b7a99ad2b496e
[INFO] running `Command { std: "docker" "create" "-v" "/var/lib/crater-agent-workspace/builds/worker-4/target:/opt/rustwide/target:rw,Z" "-v" "/var/lib/crater-agent-workspace/builds/worker-4/source:/opt/rustwide/workdir:ro,Z" "-v" "/var/lib/crater-agent-workspace/cargo-home:/opt/rustwide/cargo-home:ro,Z" "-v" "/var/lib/crater-agent-workspace/rustup-home:/opt/rustwide/rustup-home:ro,Z" "-e" "SOURCE_DIR=/opt/rustwide/workdir" "-e" "CARGO_TARGET_DIR=/opt/rustwide/target" "-e" "CARGO_INCREMENTAL=0" "-e" "RUST_BACKTRACE=full" "-e" "RUSTFLAGS=--cap-lints=forbid" "-e" "CARGO_HOME=/opt/rustwide/cargo-home" "-e" "RUSTUP_HOME=/opt/rustwide/rustup-home" "-w" "/opt/rustwide/workdir" "-m" "1610612736" "--user" "0:0" "--network" "none" "ghcr.io/rust-lang/crates-build-env/linux@sha256:20528e8c29e4536546f0102ce88568b16ea7538393a33fcca951030f7af10457" "/opt/rustwide/cargo-home/bin/cargo" "+ff34b919075f35a1787659e9c448a34b06bab8de" "test" "--frozen" "--no-run" "--message-format=json", kill_on_drop: false }`
[INFO] [stdout] 6afdd54685640a8e53d79dacc863a23245a87639fb37e28d72521cbf05c58847
[INFO] [stderr] WARNING: Your kernel does not support swap limit capabilities or the cgroup is not mounted. Memory limited without swap.
[INFO] running `Command { std: "docker" "start" "-a" "6afdd54685640a8e53d79dacc863a23245a87639fb37e28d72521cbf05c58847", kill_on_drop: false }`
[INFO] [stderr]    Compiling float-cmp v0.8.0
[INFO] [stdout] warning: unused import: `crate::structure::dataframe`
[INFO] [stdout]    --> src/statistics/stat.rs:112:5
[INFO] [stdout]     |
[INFO] [stdout] 112 | use crate::structure::dataframe::*;
[INFO] [stdout]     |     ^^^^^^^^^^^^^^^^^^^^^^^^^^^
[INFO] [stdout]     |
[INFO] [stdout]     = note: `#[warn(unused_imports)]` on by default
[INFO] [stdout] 
[INFO] [stdout] 
[INFO] [stdout] warning: 1 warning emitted
[INFO] [stdout] 
[INFO] [stdout] 
[INFO] [stderr]    Compiling peroxide v0.30.6 (/opt/rustwide/workdir)
[INFO] [stdout] warning: unused variable: `x0`
[INFO] [stdout]  --> examples/hessian.rs:6:9
[INFO] [stdout]   |
[INFO] [stdout] 6 |     let x0 = AD2(1f64, 0f64, 0f64);
[INFO] [stdout]   |         ^^ help: if this is intentional, prefix it with an underscore: `_x0`
[INFO] [stdout]   |
[INFO] [stdout]   = note: `#[warn(unused_variables)]` on by default
[INFO] [stdout] 
[INFO] [stdout] 
[INFO] [stdout] warning: unused variable: `y0`
[INFO] [stdout]  --> examples/hessian.rs:7:9
[INFO] [stdout]   |
[INFO] [stdout] 7 |     let y0 = AD2(1f64, 0f64, 0f64);
[INFO] [stdout]   |         ^^ help: if this is intentional, prefix it with an underscore: `_y0`
[INFO] [stdout] 
[INFO] [stdout] 
[INFO] [stdout] warning: value assigned to `c` is never read
[INFO] [stdout]  --> examples/chebyshev.rs:5:13
[INFO] [stdout]   |
[INFO] [stdout] 5 |     let mut c = chebyshev_polynomial(0, SpecialKind::First);
[INFO] [stdout]   |             ^
[INFO] [stdout]   |
[INFO] [stdout]   = note: `#[warn(unused_assignments)]` on by default
[INFO] [stdout]   = help: maybe it is overwritten before being read?
[INFO] [stdout] 
[INFO] [stdout] 
[INFO] [stderr] error: could not compile `peroxide`
[INFO] [stderr] 
[INFO] [stderr] Caused by:
[INFO] [stderr]   process didn't exit successfully: `rustc --crate-name ode_env --edition=2018 examples/ode_env.rs --error-format=json --json=diagnostic-rendered-ansi --crate-type bin --emit=dep-info,link -C embed-bitcode=no -C debuginfo=2 --cfg 'feature="default"' -C metadata=798b7534f4cf91f8 -C extra-filename=-798b7534f4cf91f8 --out-dir /opt/rustwide/target/debug/examples -L dependency=/opt/rustwide/target/debug/deps --extern float_cmp=/opt/rustwide/target/debug/deps/libfloat_cmp-4b8849ed418cd567.rlib --extern matrixmultiply=/opt/rustwide/target/debug/deps/libmatrixmultiply-6ffa4589b5139861.rlib --extern order_stat=/opt/rustwide/target/debug/deps/liborder_stat-90ae0c3ad242bbbb.rlib --extern peroxide=/opt/rustwide/target/debug/deps/libperoxide-bbce3118e3d7ce75.rlib --extern peroxide_ad=/opt/rustwide/target/debug/deps/libperoxide_ad-bfc1cb4d760533c8.so --extern puruspe=/opt/rustwide/target/debug/deps/libpuruspe-79aebceaaeef3818.rlib --extern rand=/opt/rustwide/target/debug/deps/librand-d19369344a5e6abe.rlib --extern rand_distr=/opt/rustwide/target/debug/deps/librand_distr-c953d97dc224179f.rlib --cap-lints=forbid` (signal: 9, SIGKILL: kill)
[INFO] [stderr] warning: build failed, waiting for other jobs to finish...
[INFO] [stdout] error: linking with `cc` failed: exit status: 1
[INFO] [stdout]   |
[INFO] [stdout]   = note: "cc" "-m64" "-Wl,--eh-frame-hdr" "-Wl,-znoexecstack" "-Wl,--as-needed" "-L" "/opt/rustwide/rustup-home/toolchains/ff34b919075f35a1787659e9c448a34b06bab8de/lib/rustlib/x86_64-unknown-linux-gnu/lib" "/opt/rustwide/target/debug/examples/svd-e1e4add2572cdedb.svd.cdvanqi3-cgu.0.rcgu.o" "/opt/rustwide/target/debug/examples/svd-e1e4add2572cdedb.svd.cdvanqi3-cgu.1.rcgu.o" "/opt/rustwide/target/debug/examples/svd-e1e4add2572cdedb.svd.cdvanqi3-cgu.2.rcgu.o" "/opt/rustwide/target/debug/examples/svd-e1e4add2572cdedb.svd.cdvanqi3-cgu.3.rcgu.o" "/opt/rustwide/target/debug/examples/svd-e1e4add2572cdedb.svd.cdvanqi3-cgu.4.rcgu.o" "/opt/rustwide/target/debug/examples/svd-e1e4add2572cdedb.svd.cdvanqi3-cgu.5.rcgu.o" "-o" "/opt/rustwide/target/debug/examples/svd-e1e4add2572cdedb" "/opt/rustwide/target/debug/examples/svd-e1e4add2572cdedb.4mn1oq3235y0glgc.rcgu.o" "-Wl,--gc-sections" "-pie" "-Wl,-zrelro" "-Wl,-znow" "-nodefaultlibs" "-L" "/opt/rustwide/target/debug/deps" "-L" "/opt/rustwide/rustup-home/toolchains/ff34b919075f35a1787659e9c448a34b06bab8de/lib/rustlib/x86_64-unknown-linux-gnu/lib" "-Wl,-Bstatic" "/opt/rustwide/target/debug/deps/libperoxide-bbce3118e3d7ce75.rlib" "/opt/rustwide/target/debug/deps/librand_distr-c953d97dc224179f.rlib" "/opt/rustwide/target/debug/deps/libnum_traits-79c56ba2156ff2a8.rlib" "/opt/rustwide/target/debug/deps/liblibm-e108f2e280014447.rlib" "/opt/rustwide/target/debug/deps/libmatrixmultiply-6ffa4589b5139861.rlib" "/opt/rustwide/target/debug/deps/libnum_cpus-1ddfd0b7d0108f48.rlib" "/opt/rustwide/target/debug/deps/libthread_tree-91c72830fbebe962.rlib" "/opt/rustwide/target/debug/deps/libcrossbeam_channel-b75e4df0ee69882b.rlib" "/opt/rustwide/target/debug/deps/libcrossbeam_utils-6f042301317df152.rlib" "/opt/rustwide/target/debug/deps/liblazy_static-ff2d4c059a61c830.rlib" "/opt/rustwide/target/debug/deps/libonce_cell-ae14c9fb41bfd017.rlib" "/opt/rustwide/target/debug/deps/librawpointer-f4398a5de7c6347b.rlib" "/opt/rustwide/target/debug/deps/libpuruspe-79aebceaaeef3818.rlib" "/opt/rustwide/target/debug/deps/liborder_stat-90ae0c3ad242bbbb.rlib" "/opt/rustwide/target/debug/deps/librand-d19369344a5e6abe.rlib" "/opt/rustwide/target/debug/deps/librand_chacha-21ed90d3e9e460c7.rlib" "/opt/rustwide/target/debug/deps/libppv_lite86-004417b0d118bdf5.rlib" "/opt/rustwide/target/debug/deps/librand_core-d0233aa8801374a2.rlib" "/opt/rustwide/target/debug/deps/libgetrandom-1ad15c66129cfff5.rlib" "/opt/rustwide/target/debug/deps/liblibc-dcc6053e08c1aafb.rlib" "/opt/rustwide/target/debug/deps/libcfg_if-755744d3ca57570c.rlib" "-Wl,--start-group" "/opt/rustwide/rustup-home/toolchains/ff34b919075f35a1787659e9c448a34b06bab8de/lib/rustlib/x86_64-unknown-linux-gnu/lib/libstd-c6dddd3d354e6bea.rlib" "/opt/rustwide/rustup-home/toolchains/ff34b919075f35a1787659e9c448a34b06bab8de/lib/rustlib/x86_64-unknown-linux-gnu/lib/libpanic_unwind-c2ca47afdcc5e309.rlib" "/opt/rustwide/rustup-home/toolchains/ff34b919075f35a1787659e9c448a34b06bab8de/lib/rustlib/x86_64-unknown-linux-gnu/lib/libminiz_oxide-b47be2942017e108.rlib" "/opt/rustwide/rustup-home/toolchains/ff34b919075f35a1787659e9c448a34b06bab8de/lib/rustlib/x86_64-unknown-linux-gnu/lib/libadler-20a1e49116ab0df9.rlib" "/opt/rustwide/rustup-home/toolchains/ff34b919075f35a1787659e9c448a34b06bab8de/lib/rustlib/x86_64-unknown-linux-gnu/lib/libobject-25e09d9868291683.rlib" "/opt/rustwide/rustup-home/toolchains/ff34b919075f35a1787659e9c448a34b06bab8de/lib/rustlib/x86_64-unknown-linux-gnu/lib/libaddr2line-9c99fb6e5ca5159e.rlib" "/opt/rustwide/rustup-home/toolchains/ff34b919075f35a1787659e9c448a34b06bab8de/lib/rustlib/x86_64-unknown-linux-gnu/lib/libgimli-85040d7563599960.rlib" "/opt/rustwide/rustup-home/toolchains/ff34b919075f35a1787659e9c448a34b06bab8de/lib/rustlib/x86_64-unknown-linux-gnu/lib/libstd_detect-0e4f7587da8acf20.rlib" "/opt/rustwide/rustup-home/toolchains/ff34b919075f35a1787659e9c448a34b06bab8de/lib/rustlib/x86_64-unknown-linux-gnu/lib/librustc_demangle-7be0a6711ed15b5c.rlib" "/opt/rustwide/rustup-home/toolchains/ff34b919075f35a1787659e9c448a34b06bab8de/lib/rustlib/x86_64-unknown-linux-gnu/lib/libhashbrown-00672fabc4ff9c9d.rlib" "/opt/rustwide/rustup-home/toolchains/ff34b919075f35a1787659e9c448a34b06bab8de/lib/rustlib/x86_64-unknown-linux-gnu/lib/librustc_std_workspace_alloc-72fe231ef0473d15.rlib" "/opt/rustwide/rustup-home/toolchains/ff34b919075f35a1787659e9c448a34b06bab8de/lib/rustlib/x86_64-unknown-linux-gnu/lib/libunwind-019d54ecc304b655.rlib" "/opt/rustwide/rustup-home/toolchains/ff34b919075f35a1787659e9c448a34b06bab8de/lib/rustlib/x86_64-unknown-linux-gnu/lib/libcfg_if-cc7d9343e4f608be.rlib" "/opt/rustwide/rustup-home/toolchains/ff34b919075f35a1787659e9c448a34b06bab8de/lib/rustlib/x86_64-unknown-linux-gnu/lib/liblibc-e41c6d24baeb2249.rlib" "/opt/rustwide/rustup-home/toolchains/ff34b919075f35a1787659e9c448a34b06bab8de/lib/rustlib/x86_64-unknown-linux-gnu/lib/liballoc-9849bb0fbad7f0f5.rlib" "/opt/rustwide/rustup-home/toolchains/ff34b919075f35a1787659e9c448a34b06bab8de/lib/rustlib/x86_64-unknown-linux-gnu/lib/librustc_std_workspace_core-a1fd7734706d5518.rlib" "/opt/rustwide/rustup-home/toolchains/ff34b919075f35a1787659e9c448a34b06bab8de/lib/rustlib/x86_64-unknown-linux-gnu/lib/libcore-c8ded1707ad10767.rlib" "-Wl,--end-group" "/opt/rustwide/rustup-home/toolchains/ff34b919075f35a1787659e9c448a34b06bab8de/lib/rustlib/x86_64-unknown-linux-gnu/lib/libcompiler_builtins-8b33f9cbbc9652fe.rlib" "-Wl,-Bdynamic" "-lgcc_s" "-lutil" "-lrt" "-lpthread" "-lm" "-ldl" "-lc"
[INFO] [stdout]   = note: collect2: fatal error: ld terminated with signal 9 [Killed]
[INFO] [stdout]           compilation terminated.
[INFO] [stdout]           
[INFO] [stdout] 
[INFO] [stdout] 
[INFO] [stdout] error: aborting due to previous error
[INFO] [stdout] 
[INFO] [stdout] 
[INFO] [stdout] error: linking with `cc` failed: exit status: 1
[INFO] [stdout]   |
[INFO] [stdout]   = note: "cc" "-m64" "-Wl,--eh-frame-hdr" "-Wl,-znoexecstack" "-Wl,--as-needed" "-L" "/opt/rustwide/rustup-home/toolchains/ff34b919075f35a1787659e9c448a34b06bab8de/lib/rustlib/x86_64-unknown-linux-gnu/lib" "/opt/rustwide/target/debug/deps/det-da44da9a37f4e24a.det.e8u7mfzk-cgu.0.rcgu.o" "/opt/rustwide/target/debug/deps/det-da44da9a37f4e24a.det.e8u7mfzk-cgu.1.rcgu.o" "/opt/rustwide/target/debug/deps/det-da44da9a37f4e24a.det.e8u7mfzk-cgu.2.rcgu.o" "/opt/rustwide/target/debug/deps/det-da44da9a37f4e24a.det.e8u7mfzk-cgu.3.rcgu.o" "/opt/rustwide/target/debug/deps/det-da44da9a37f4e24a.det.e8u7mfzk-cgu.4.rcgu.o" "/opt/rustwide/target/debug/deps/det-da44da9a37f4e24a.det.e8u7mfzk-cgu.5.rcgu.o" "/opt/rustwide/target/debug/deps/det-da44da9a37f4e24a.det.e8u7mfzk-cgu.6.rcgu.o" "/opt/rustwide/target/debug/deps/det-da44da9a37f4e24a.det.e8u7mfzk-cgu.7.rcgu.o" "-o" "/opt/rustwide/target/debug/deps/det-da44da9a37f4e24a" "/opt/rustwide/target/debug/deps/det-da44da9a37f4e24a.4zofu76b3nu2q043.rcgu.o" "-Wl,--gc-sections" "-pie" "-Wl,-zrelro" "-Wl,-znow" "-nodefaultlibs" "-L" "/opt/rustwide/target/debug/deps" "-L" "/opt/rustwide/rustup-home/toolchains/ff34b919075f35a1787659e9c448a34b06bab8de/lib/rustlib/x86_64-unknown-linux-gnu/lib" "-Wl,-Bstatic" "/opt/rustwide/rustup-home/toolchains/ff34b919075f35a1787659e9c448a34b06bab8de/lib/rustlib/x86_64-unknown-linux-gnu/lib/libtest-e0d08a82dcb7da7b.rlib" "/opt/rustwide/rustup-home/toolchains/ff34b919075f35a1787659e9c448a34b06bab8de/lib/rustlib/x86_64-unknown-linux-gnu/lib/libterm-24036eb8e889985c.rlib" "/opt/rustwide/rustup-home/toolchains/ff34b919075f35a1787659e9c448a34b06bab8de/lib/rustlib/x86_64-unknown-linux-gnu/lib/libgetopts-759d40b5d9a6a451.rlib" "/opt/rustwide/rustup-home/toolchains/ff34b919075f35a1787659e9c448a34b06bab8de/lib/rustlib/x86_64-unknown-linux-gnu/lib/libunicode_width-7590543c881e6235.rlib" "/opt/rustwide/rustup-home/toolchains/ff34b919075f35a1787659e9c448a34b06bab8de/lib/rustlib/x86_64-unknown-linux-gnu/lib/librustc_std_workspace_std-56b60793e4f96438.rlib" "/opt/rustwide/target/debug/deps/libperoxide-bbce3118e3d7ce75.rlib" "/opt/rustwide/target/debug/deps/librand_distr-c953d97dc224179f.rlib" "/opt/rustwide/target/debug/deps/libnum_traits-79c56ba2156ff2a8.rlib" "/opt/rustwide/target/debug/deps/liblibm-e108f2e280014447.rlib" "/opt/rustwide/target/debug/deps/libmatrixmultiply-6ffa4589b5139861.rlib" "/opt/rustwide/target/debug/deps/libnum_cpus-1ddfd0b7d0108f48.rlib" "/opt/rustwide/target/debug/deps/libthread_tree-91c72830fbebe962.rlib" "/opt/rustwide/target/debug/deps/libcrossbeam_channel-b75e4df0ee69882b.rlib" "/opt/rustwide/target/debug/deps/libcrossbeam_utils-6f042301317df152.rlib" "/opt/rustwide/target/debug/deps/liblazy_static-ff2d4c059a61c830.rlib" "/opt/rustwide/target/debug/deps/libonce_cell-ae14c9fb41bfd017.rlib" "/opt/rustwide/target/debug/deps/librawpointer-f4398a5de7c6347b.rlib" "/opt/rustwide/target/debug/deps/libpuruspe-79aebceaaeef3818.rlib" "/opt/rustwide/target/debug/deps/liborder_stat-90ae0c3ad242bbbb.rlib" "/opt/rustwide/target/debug/deps/librand-d19369344a5e6abe.rlib" "/opt/rustwide/target/debug/deps/librand_chacha-21ed90d3e9e460c7.rlib" "/opt/rustwide/target/debug/deps/libppv_lite86-004417b0d118bdf5.rlib" "/opt/rustwide/target/debug/deps/librand_core-d0233aa8801374a2.rlib" "/opt/rustwide/target/debug/deps/libgetrandom-1ad15c66129cfff5.rlib" "/opt/rustwide/target/debug/deps/liblibc-dcc6053e08c1aafb.rlib" "/opt/rustwide/target/debug/deps/libcfg_if-755744d3ca57570c.rlib" "-Wl,--start-group" "/opt/rustwide/rustup-home/toolchains/ff34b919075f35a1787659e9c448a34b06bab8de/lib/rustlib/x86_64-unknown-linux-gnu/lib/libstd-c6dddd3d354e6bea.rlib" "/opt/rustwide/rustup-home/toolchains/ff34b919075f35a1787659e9c448a34b06bab8de/lib/rustlib/x86_64-unknown-linux-gnu/lib/libpanic_unwind-c2ca47afdcc5e309.rlib" "/opt/rustwide/rustup-home/toolchains/ff34b919075f35a1787659e9c448a34b06bab8de/lib/rustlib/x86_64-unknown-linux-gnu/lib/libminiz_oxide-b47be2942017e108.rlib" "/opt/rustwide/rustup-home/toolchains/ff34b919075f35a1787659e9c448a34b06bab8de/lib/rustlib/x86_64-unknown-linux-gnu/lib/libadler-20a1e49116ab0df9.rlib" "/opt/rustwide/rustup-home/toolchains/ff34b919075f35a1787659e9c448a34b06bab8de/lib/rustlib/x86_64-unknown-linux-gnu/lib/libobject-25e09d9868291683.rlib" "/opt/rustwide/rustup-home/toolchains/ff34b919075f35a1787659e9c448a34b06bab8de/lib/rustlib/x86_64-unknown-linux-gnu/lib/libaddr2line-9c99fb6e5ca5159e.rlib" "/opt/rustwide/rustup-home/toolchains/ff34b919075f35a1787659e9c448a34b06bab8de/lib/rustlib/x86_64-unknown-linux-gnu/lib/libgimli-85040d7563599960.rlib" "/opt/rustwide/rustup-home/toolchains/ff34b919075f35a1787659e9c448a34b06bab8de/lib/rustlib/x86_64-unknown-linux-gnu/lib/libstd_detect-0e4f7587da8acf20.rlib" "/opt/rustwide/rustup-home/toolchains/ff34b919075f35a1787659e9c448a34b06bab8de/lib/rustlib/x86_64-unknown-linux-gnu/lib/librustc_demangle-7be0a6711ed15b5c.rlib" "/opt/rustwide/rustup-home/toolchains/ff34b919075f35a1787659e9c448a34b06bab8de/lib/rustlib/x86_64-unknown-linux-gnu/lib/libhashbrown-00672fabc4ff9c9d.rlib" "/opt/rustwide/rustup-home/toolchains/ff34b919075f35a1787659e9c448a34b06bab8de/lib/rustlib/x86_64-unknown-linux-gnu/lib/librustc_std_workspace_alloc-72fe231ef0473d15.rlib" "/opt/rustwide/rustup-home/toolchains/ff34b919075f35a1787659e9c448a34b06bab8de/lib/rustlib/x86_64-unknown-linux-gnu/lib/libunwind-019d54ecc304b655.rlib" "/opt/rustwide/rustup-home/toolchains/ff34b919075f35a1787659e9c448a34b06bab8de/lib/rustlib/x86_64-unknown-linux-gnu/lib/libcfg_if-cc7d9343e4f608be.rlib" "/opt/rustwide/rustup-home/toolchains/ff34b919075f35a1787659e9c448a34b06bab8de/lib/rustlib/x86_64-unknown-linux-gnu/lib/liblibc-e41c6d24baeb2249.rlib" "/opt/rustwide/rustup-home/toolchains/ff34b919075f35a1787659e9c448a34b06bab8de/lib/rustlib/x86_64-unknown-linux-gnu/lib/liballoc-9849bb0fbad7f0f5.rlib" "/opt/rustwide/rustup-home/toolchains/ff34b919075f35a1787659e9c448a34b06bab8de/lib/rustlib/x86_64-unknown-linux-gnu/lib/librustc_std_workspace_core-a1fd7734706d5518.rlib" "/opt/rustwide/rustup-home/toolchains/ff34b919075f35a1787659e9c448a34b06bab8de/lib/rustlib/x86_64-unknown-linux-gnu/lib/libcore-c8ded1707ad10767.rlib" "-Wl,--end-group" "/opt/rustwide/rustup-home/toolchains/ff34b919075f35a1787659e9c448a34b06bab8de/lib/rustlib/x86_64-unknown-linux-gnu/lib/libcompiler_builtins-8b33f9cbbc9652fe.rlib" "-Wl,-Bdynamic" "-lgcc_s" "-lutil" "-lrt" "-lpthread" "-lm" "-ldl" "-lc"
[INFO] [stdout]   = note: collect2: fatal error: ld terminated with signal 9 [Killed]
[INFO] [stdout]           compilation terminated.
[INFO] [stdout]           
[INFO] [stdout] 
[INFO] [stdout] 
[INFO] [stdout] error: aborting due to previous error
[INFO] [stdout] 
[INFO] [stdout] 
[INFO] [stdout] error: linking with `cc` failed: exit status: 1
[INFO] [stdout]   |
[INFO] [stdout]   = note: "cc" "-m64" "-Wl,--eh-frame-hdr" "-Wl,-znoexecstack" "-Wl,--as-needed" "-L" "/opt/rustwide/rustup-home/toolchains/ff34b919075f35a1787659e9c448a34b06bab8de/lib/rustlib/x86_64-unknown-linux-gnu/lib" "/opt/rustwide/target/debug/examples/norm-013921d5744a5273.norm.26rjt75y-cgu.0.rcgu.o" "/opt/rustwide/target/debug/examples/norm-013921d5744a5273.norm.26rjt75y-cgu.1.rcgu.o" "/opt/rustwide/target/debug/examples/norm-013921d5744a5273.norm.26rjt75y-cgu.2.rcgu.o" "/opt/rustwide/target/debug/examples/norm-013921d5744a5273.norm.26rjt75y-cgu.3.rcgu.o" "/opt/rustwide/target/debug/examples/norm-013921d5744a5273.norm.26rjt75y-cgu.4.rcgu.o" "/opt/rustwide/target/debug/examples/norm-013921d5744a5273.norm.26rjt75y-cgu.5.rcgu.o" "-o" "/opt/rustwide/target/debug/examples/norm-013921d5744a5273" "/opt/rustwide/target/debug/examples/norm-013921d5744a5273.360qnfh1mw97qo98.rcgu.o" "-Wl,--gc-sections" "-pie" "-Wl,-zrelro" "-Wl,-znow" "-nodefaultlibs" "-L" "/opt/rustwide/target/debug/deps" "-L" "/opt/rustwide/rustup-home/toolchains/ff34b919075f35a1787659e9c448a34b06bab8de/lib/rustlib/x86_64-unknown-linux-gnu/lib" "-Wl,-Bstatic" "/opt/rustwide/target/debug/deps/libperoxide-bbce3118e3d7ce75.rlib" "/opt/rustwide/target/debug/deps/librand_distr-c953d97dc224179f.rlib" "/opt/rustwide/target/debug/deps/libnum_traits-79c56ba2156ff2a8.rlib" "/opt/rustwide/target/debug/deps/liblibm-e108f2e280014447.rlib" "/opt/rustwide/target/debug/deps/libmatrixmultiply-6ffa4589b5139861.rlib" "/opt/rustwide/target/debug/deps/libnum_cpus-1ddfd0b7d0108f48.rlib" "/opt/rustwide/target/debug/deps/libthread_tree-91c72830fbebe962.rlib" "/opt/rustwide/target/debug/deps/libcrossbeam_channel-b75e4df0ee69882b.rlib" "/opt/rustwide/target/debug/deps/libcrossbeam_utils-6f042301317df152.rlib" "/opt/rustwide/target/debug/deps/liblazy_static-ff2d4c059a61c830.rlib" "/opt/rustwide/target/debug/deps/libonce_cell-ae14c9fb41bfd017.rlib" "/opt/rustwide/target/debug/deps/librawpointer-f4398a5de7c6347b.rlib" "/opt/rustwide/target/debug/deps/libpuruspe-79aebceaaeef3818.rlib" "/opt/rustwide/target/debug/deps/liborder_stat-90ae0c3ad242bbbb.rlib" "/opt/rustwide/target/debug/deps/librand-d19369344a5e6abe.rlib" "/opt/rustwide/target/debug/deps/librand_chacha-21ed90d3e9e460c7.rlib" "/opt/rustwide/target/debug/deps/libppv_lite86-004417b0d118bdf5.rlib" "/opt/rustwide/target/debug/deps/librand_core-d0233aa8801374a2.rlib" "/opt/rustwide/target/debug/deps/libgetrandom-1ad15c66129cfff5.rlib" "/opt/rustwide/target/debug/deps/liblibc-dcc6053e08c1aafb.rlib" "/opt/rustwide/target/debug/deps/libcfg_if-755744d3ca57570c.rlib" "-Wl,--start-group" "/opt/rustwide/rustup-home/toolchains/ff34b919075f35a1787659e9c448a34b06bab8de/lib/rustlib/x86_64-unknown-linux-gnu/lib/libstd-c6dddd3d354e6bea.rlib" "/opt/rustwide/rustup-home/toolchains/ff34b919075f35a1787659e9c448a34b06bab8de/lib/rustlib/x86_64-unknown-linux-gnu/lib/libpanic_unwind-c2ca47afdcc5e309.rlib" "/opt/rustwide/rustup-home/toolchains/ff34b919075f35a1787659e9c448a34b06bab8de/lib/rustlib/x86_64-unknown-linux-gnu/lib/libminiz_oxide-b47be2942017e108.rlib" "/opt/rustwide/rustup-home/toolchains/ff34b919075f35a1787659e9c448a34b06bab8de/lib/rustlib/x86_64-unknown-linux-gnu/lib/libadler-20a1e49116ab0df9.rlib" "/opt/rustwide/rustup-home/toolchains/ff34b919075f35a1787659e9c448a34b06bab8de/lib/rustlib/x86_64-unknown-linux-gnu/lib/libobject-25e09d9868291683.rlib" "/opt/rustwide/rustup-home/toolchains/ff34b919075f35a1787659e9c448a34b06bab8de/lib/rustlib/x86_64-unknown-linux-gnu/lib/libaddr2line-9c99fb6e5ca5159e.rlib" "/opt/rustwide/rustup-home/toolchains/ff34b919075f35a1787659e9c448a34b06bab8de/lib/rustlib/x86_64-unknown-linux-gnu/lib/libgimli-85040d7563599960.rlib" "/opt/rustwide/rustup-home/toolchains/ff34b919075f35a1787659e9c448a34b06bab8de/lib/rustlib/x86_64-unknown-linux-gnu/lib/libstd_detect-0e4f7587da8acf20.rlib" "/opt/rustwide/rustup-home/toolchains/ff34b919075f35a1787659e9c448a34b06bab8de/lib/rustlib/x86_64-unknown-linux-gnu/lib/librustc_demangle-7be0a6711ed15b5c.rlib" "/opt/rustwide/rustup-home/toolchains/ff34b919075f35a1787659e9c448a34b06bab8de/lib/rustlib/x86_64-unknown-linux-gnu/lib/libhashbrown-00672fabc4ff9c9d.rlib" "/opt/rustwide/rustup-home/toolchains/ff34b919075f35a1787659e9c448a34b06bab8de/lib/rustlib/x86_64-unknown-linux-gnu/lib/librustc_std_workspace_alloc-72fe231ef0473d15.rlib" "/opt/rustwide/rustup-home/toolchains/ff34b919075f35a1787659e9c448a34b06bab8de/lib/rustlib/x86_64-unknown-linux-gnu/lib/libunwind-019d54ecc304b655.rlib" "/opt/rustwide/rustup-home/toolchains/ff34b919075f35a1787659e9c448a34b06bab8de/lib/rustlib/x86_64-unknown-linux-gnu/lib/libcfg_if-cc7d9343e4f608be.rlib" "/opt/rustwide/rustup-home/toolchains/ff34b919075f35a1787659e9c448a34b06bab8de/lib/rustlib/x86_64-unknown-linux-gnu/lib/liblibc-e41c6d24baeb2249.rlib" "/opt/rustwide/rustup-home/toolchains/ff34b919075f35a1787659e9c448a34b06bab8de/lib/rustlib/x86_64-unknown-linux-gnu/lib/liballoc-9849bb0fbad7f0f5.rlib" "/opt/rustwide/rustup-home/toolchains/ff34b919075f35a1787659e9c448a34b06bab8de/lib/rustlib/x86_64-unknown-linux-gnu/lib/librustc_std_workspace_core-a1fd7734706d5518.rlib" "/opt/rustwide/rustup-home/toolchains/ff34b919075f35a1787659e9c448a34b06bab8de/lib/rustlib/x86_64-unknown-linux-gnu/lib/libcore-c8ded1707ad10767.rlib" "-Wl,--end-group" "/opt/rustwide/rustup-home/toolchains/ff34b919075f35a1787659e9c448a34b06bab8de/lib/rustlib/x86_64-unknown-linux-gnu/lib/libcompiler_builtins-8b33f9cbbc9652fe.rlib" "-Wl,-Bdynamic" "-lgcc_s" "-lutil" "-lrt" "-lpthread" "-lm" "-ldl" "-lc"
[INFO] [stdout]   = note: collect2: fatal error: ld terminated with signal 9 [Killed]
[INFO] [stdout]           compilation terminated.
[INFO] [stdout]           
[INFO] [stdout] 
[INFO] [stdout] 
[INFO] [stdout] error: aborting due to previous error
[INFO] [stdout] 
[INFO] [stdout] 
[INFO] [stdout] error: linking with `cc` failed: exit status: 1
[INFO] [stdout]   |
[INFO] [stdout]   = note: "cc" "-m64" "-Wl,--eh-frame-hdr" "-Wl,-znoexecstack" "-Wl,--as-needed" "-L" "/opt/rustwide/rustup-home/toolchains/ff34b919075f35a1787659e9c448a34b06bab8de/lib/rustlib/x86_64-unknown-linux-gnu/lib" "/opt/rustwide/target/debug/examples/solve-e83a6048ba637cc7.solve.e4u114ul-cgu.0.rcgu.o" "/opt/rustwide/target/debug/examples/solve-e83a6048ba637cc7.solve.e4u114ul-cgu.1.rcgu.o" "/opt/rustwide/target/debug/examples/solve-e83a6048ba637cc7.solve.e4u114ul-cgu.2.rcgu.o" "/opt/rustwide/target/debug/examples/solve-e83a6048ba637cc7.solve.e4u114ul-cgu.3.rcgu.o" "/opt/rustwide/target/debug/examples/solve-e83a6048ba637cc7.solve.e4u114ul-cgu.4.rcgu.o" "/opt/rustwide/target/debug/examples/solve-e83a6048ba637cc7.solve.e4u114ul-cgu.5.rcgu.o" "-o" "/opt/rustwide/target/debug/examples/solve-e83a6048ba637cc7" "/opt/rustwide/target/debug/examples/solve-e83a6048ba637cc7.4jyx80ph941t4skg.rcgu.o" "-Wl,--gc-sections" "-pie" "-Wl,-zrelro" "-Wl,-znow" "-nodefaultlibs" "-L" "/opt/rustwide/target/debug/deps" "-L" "/opt/rustwide/rustup-home/toolchains/ff34b919075f35a1787659e9c448a34b06bab8de/lib/rustlib/x86_64-unknown-linux-gnu/lib" "-Wl,-Bstatic" "/opt/rustwide/target/debug/deps/libperoxide-bbce3118e3d7ce75.rlib" "/opt/rustwide/target/debug/deps/librand_distr-c953d97dc224179f.rlib" "/opt/rustwide/target/debug/deps/libnum_traits-79c56ba2156ff2a8.rlib" "/opt/rustwide/target/debug/deps/liblibm-e108f2e280014447.rlib" "/opt/rustwide/target/debug/deps/libmatrixmultiply-6ffa4589b5139861.rlib" "/opt/rustwide/target/debug/deps/libnum_cpus-1ddfd0b7d0108f48.rlib" "/opt/rustwide/target/debug/deps/libthread_tree-91c72830fbebe962.rlib" "/opt/rustwide/target/debug/deps/libcrossbeam_channel-b75e4df0ee69882b.rlib" "/opt/rustwide/target/debug/deps/libcrossbeam_utils-6f042301317df152.rlib" "/opt/rustwide/target/debug/deps/liblazy_static-ff2d4c059a61c830.rlib" "/opt/rustwide/target/debug/deps/libonce_cell-ae14c9fb41bfd017.rlib" "/opt/rustwide/target/debug/deps/librawpointer-f4398a5de7c6347b.rlib" "/opt/rustwide/target/debug/deps/libpuruspe-79aebceaaeef3818.rlib" "/opt/rustwide/target/debug/deps/liborder_stat-90ae0c3ad242bbbb.rlib" "/opt/rustwide/target/debug/deps/librand-d19369344a5e6abe.rlib" "/opt/rustwide/target/debug/deps/librand_chacha-21ed90d3e9e460c7.rlib" "/opt/rustwide/target/debug/deps/libppv_lite86-004417b0d118bdf5.rlib" "/opt/rustwide/target/debug/deps/librand_core-d0233aa8801374a2.rlib" "/opt/rustwide/target/debug/deps/libgetrandom-1ad15c66129cfff5.rlib" "/opt/rustwide/target/debug/deps/liblibc-dcc6053e08c1aafb.rlib" "/opt/rustwide/target/debug/deps/libcfg_if-755744d3ca57570c.rlib" "-Wl,--start-group" "/opt/rustwide/rustup-home/toolchains/ff34b919075f35a1787659e9c448a34b06bab8de/lib/rustlib/x86_64-unknown-linux-gnu/lib/libstd-c6dddd3d354e6bea.rlib" "/opt/rustwide/rustup-home/toolchains/ff34b919075f35a1787659e9c448a34b06bab8de/lib/rustlib/x86_64-unknown-linux-gnu/lib/libpanic_unwind-c2ca47afdcc5e309.rlib" "/opt/rustwide/rustup-home/toolchains/ff34b919075f35a1787659e9c448a34b06bab8de/lib/rustlib/x86_64-unknown-linux-gnu/lib/libminiz_oxide-b47be2942017e108.rlib" "/opt/rustwide/rustup-home/toolchains/ff34b919075f35a1787659e9c448a34b06bab8de/lib/rustlib/x86_64-unknown-linux-gnu/lib/libadler-20a1e49116ab0df9.rlib" "/opt/rustwide/rustup-home/toolchains/ff34b919075f35a1787659e9c448a34b06bab8de/lib/rustlib/x86_64-unknown-linux-gnu/lib/libobject-25e09d9868291683.rlib" "/opt/rustwide/rustup-home/toolchains/ff34b919075f35a1787659e9c448a34b06bab8de/lib/rustlib/x86_64-unknown-linux-gnu/lib/libaddr2line-9c99fb6e5ca5159e.rlib" "/opt/rustwide/rustup-home/toolchains/ff34b919075f35a1787659e9c448a34b06bab8de/lib/rustlib/x86_64-unknown-linux-gnu/lib/libgimli-85040d7563599960.rlib" "/opt/rustwide/rustup-home/toolchains/ff34b919075f35a1787659e9c448a34b06bab8de/lib/rustlib/x86_64-unknown-linux-gnu/lib/libstd_detect-0e4f7587da8acf20.rlib" "/opt/rustwide/rustup-home/toolchains/ff34b919075f35a1787659e9c448a34b06bab8de/lib/rustlib/x86_64-unknown-linux-gnu/lib/librustc_demangle-7be0a6711ed15b5c.rlib" "/opt/rustwide/rustup-home/toolchains/ff34b919075f35a1787659e9c448a34b06bab8de/lib/rustlib/x86_64-unknown-linux-gnu/lib/libhashbrown-00672fabc4ff9c9d.rlib" "/opt/rustwide/rustup-home/toolchains/ff34b919075f35a1787659e9c448a34b06bab8de/lib/rustlib/x86_64-unknown-linux-gnu/lib/librustc_std_workspace_alloc-72fe231ef0473d15.rlib" "/opt/rustwide/rustup-home/toolchains/ff34b919075f35a1787659e9c448a34b06bab8de/lib/rustlib/x86_64-unknown-linux-gnu/lib/libunwind-019d54ecc304b655.rlib" "/opt/rustwide/rustup-home/toolchains/ff34b919075f35a1787659e9c448a34b06bab8de/lib/rustlib/x86_64-unknown-linux-gnu/lib/libcfg_if-cc7d9343e4f608be.rlib" "/opt/rustwide/rustup-home/toolchains/ff34b919075f35a1787659e9c448a34b06bab8de/lib/rustlib/x86_64-unknown-linux-gnu/lib/liblibc-e41c6d24baeb2249.rlib" "/opt/rustwide/rustup-home/toolchains/ff34b919075f35a1787659e9c448a34b06bab8de/lib/rustlib/x86_64-unknown-linux-gnu/lib/liballoc-9849bb0fbad7f0f5.rlib" "/opt/rustwide/rustup-home/toolchains/ff34b919075f35a1787659e9c448a34b06bab8de/lib/rustlib/x86_64-unknown-linux-gnu/lib/librustc_std_workspace_core-a1fd7734706d5518.rlib" "/opt/rustwide/rustup-home/toolchains/ff34b919075f35a1787659e9c448a34b06bab8de/lib/rustlib/x86_64-unknown-linux-gnu/lib/libcore-c8ded1707ad10767.rlib" "-Wl,--end-group" "/opt/rustwide/rustup-home/toolchains/ff34b919075f35a1787659e9c448a34b06bab8de/lib/rustlib/x86_64-unknown-linux-gnu/lib/libcompiler_builtins-8b33f9cbbc9652fe.rlib" "-Wl,-Bdynamic" "-lgcc_s" "-lutil" "-lrt" "-lpthread" "-lm" "-ldl" "-lc"
[INFO] [stdout]   = note: collect2: fatal error: ld terminated with signal 9 [Killed]
[INFO] [stdout]           compilation terminated.
[INFO] [stdout]           
[INFO] [stdout] 
[INFO] [stdout] 
[INFO] [stdout] error: aborting due to previous error
[INFO] [stdout] 
[INFO] [stdout] 
[INFO] [stderr] error: build failed
[INFO] running `Command { std: "docker" "inspect" "6afdd54685640a8e53d79dacc863a23245a87639fb37e28d72521cbf05c58847", kill_on_drop: false }`
[INFO] running `Command { std: "docker" "rm" "-f" "6afdd54685640a8e53d79dacc863a23245a87639fb37e28d72521cbf05c58847", kill_on_drop: false }`
[INFO] [stdout] 6afdd54685640a8e53d79dacc863a23245a87639fb37e28d72521cbf05c58847
